86.
2, 3, 33931
What are the prime factors of 9705446?
2, 937, 5179
List the prime factors of 45666.
2, 3, 43, 59
What are the prime factors of 123908?
2, 30977
What are the prime factors of 235991?
7, 33713
List the prime factors of 1387546.
2, 181, 3833
List the prime factors of 272919.
3, 29, 3137
List the prime factors of 9054317.
19, 41, 59, 197
List the prime factors of 1721353.
29, 59357
List the prime factors of 140895.
3, 5, 31, 101
List the prime factors of 12522575.
5, 13, 53, 727
What are the prime factors of 1995039?
3, 221671
List the prime factors of 18502316.
2, 7, 41, 71, 227
List the prime factors of 6790034.
2, 181, 18757
What are the prime factors of 2500580?
2, 5, 125029
What are the prime factors of 6684921?
3, 151, 4919
List the prime factors of 4796.
2, 11, 109
List the prime factors of 26461550.
2, 5, 137, 3863
List the prime factors of 380208.
2, 3, 89
What are the prime factors of 9561638?
2, 4780819
List the prime factors of 311250.
2, 3, 5, 83
What are the prime factors of 21273903?
3, 7, 337681
List the prime factors of 1250921.
7, 521
What are the prime factors of 22488831?
3, 2498759
List the prime factors of 120738.
2, 3, 20123
What are the prime factors of 7159515?
3, 5, 11, 43391
What are the prime factors of 360830?
2, 5, 36083
What are the prime factors of 66916?
2, 16729
List the prime factors of 435315.
3, 5, 29021
What are the prime factors of 324429?
3, 7, 2207
List the prime factors of 6432516.
2, 3, 178681
List the prime factors of 411576.
2, 3, 11, 1559
List the prime factors of 990959.
29, 34171
List the prime factors of 716057.
17, 73, 577
List the prime factors of 38876.
2, 9719
List the prime factors of 213963.
3, 73, 977
What are the prime factors of 24567133?
19, 68053
List the prime factors of 1588788.
2, 3, 47, 313
List the prime factors of 16143110.
2, 5, 1614311
What are the prime factors of 12284031?
3, 4094677
List the prime factors of 14102006.
2, 7051003
What are the prime factors of 3960315?
3, 5, 88007
List the prime factors of 874296.
2, 3, 12143
What are the prime factors of 712778?
2, 11, 179, 181
What are the prime factors of 6432946?
2, 13, 247421
List the prime factors of 653094.
2, 3, 13, 2791
What are the prime factors of 1504892?
2, 439, 857
List the prime factors of 475960.
2, 5, 73, 163
List the prime factors of 1254421.
7, 179203
List the prime factors of 18503114.
2, 7, 1321651
List the prime factors of 19494207.
3, 2166023
What are the prime factors of 237450?
2, 3, 5, 1583
List the prime factors of 11778388.
2, 31, 43, 47
List the prime factors of 482375.
5, 17, 227
What are the prime factors of 3786929?
31, 151, 809
List the prime factors of 21047.
13, 1619
List the prime factors of 2253487.
2253487
What are the prime factors of 1366492?
2, 341623
What are the prime factors of 6819524?
2, 29, 58789
List the prime factors of 4345893.
3, 53653
What are the prime factors of 242553?
3, 233, 347
What are the prime factors of 326628?
2, 3, 43, 211
What are the prime factors of 1895781?
3, 631927
What are the prime factors of 1873488?
2, 3, 23, 1697
What are the prime factors of 242395?
5, 48479
What are the prime factors of 2408252?
2, 7, 11, 1117
List the prime factors of 158568.
2, 3, 6607
List the prime factors of 13514570.
2, 5, 23, 67, 877
What are the prime factors of 1509262?
2, 61, 89, 139
What are the prime factors of 3060439?
43, 103, 691
What are the prime factors of 1353924?
2, 3, 11, 13, 263
List the prime factors of 257392.
2, 16087
What are the prime factors of 4807058?
2, 277, 8677
What are the prime factors of 504910?
2, 5, 7, 7213
List the prime factors of 231071.
269, 859
What are the prime factors of 1892202?
2, 3, 13, 17, 1427
What are the prime factors of 688678?
2, 149, 2311
List the prime factors of 139946.
2, 167, 419
List the prime factors of 3278242.
2, 11, 149011
List the prime factors of 126304.
2, 3947
What are the prime factors of 682751?
682751
List the prime factors of 731884.
2, 17, 47, 229
List the prime factors of 41119.
13, 3163
What are the prime factors of 2043103?
37, 55219
What are the prime factors of 5693611?
7, 11, 73943
What are the prime factors of 149598?
2, 3, 8311
What are the prime factors of 3044289?
3, 1014763
List the prime factors of 258913.
19, 13627
List the prime factors of 482610.
2, 3, 5, 16087
List the prime factors of 42250859.
7, 79, 76403
List the prime factors of 22781943.
3, 67, 37781
List the prime factors of 8548856.
2, 317, 3371
List the prime factors of 2539185.
3, 5, 11, 1399
List the prime factors of 1902952.
2, 79, 3011
List the prime factors of 3413073.
3, 17, 66923
What are the prime factors of 1913446?
2, 956723
What are the prime factors of 3398920?
2, 5, 7, 61, 199
What are the prime factors of 2034550?
2, 5, 7, 5813
What are the prime factors of 888795?
3, 5, 19751
What are the prime factors of 12880?
2, 5, 7, 23
List the prime factors of 2449110.
2, 3, 5, 81637
What are the prime factors of 37063?
13, 2851
List the prime factors of 613007.
613007
List the prime factors of 171131.
171131
List the prime factors of 729734.
2, 317, 1151
What are the prime factors of 155169?
3, 7, 821
What are the prime factors of 568101?
3, 409, 463
What are the prime factors of 3228400?
2, 5, 7, 1153
What are the prime factors of 363609?
3, 67
What are the prime factors of 6232953?
3, 31, 67021
What are the prime factors of 5874577?
47, 124991
What are the prime factors of 947627?
947627
List the prime factors of 20515.
5, 11, 373
What are the prime factors of 540592?
2, 13, 23, 113
List the prime factors of 10024297.
23, 435839
What are the prime factors of 2206281?
3, 7, 11, 9551
List the prime factors of 2549199.
3, 849733
List the prime factors of 5436517.
223, 24379
What are the prime factors of 322540?
2, 5, 16127
What are the prime factors of 3460085?
5, 692017
What are the prime factors of 6710826?
2, 3, 107, 10453
What are the prime factors of 10459760?
2, 5, 17, 7691
What are the prime factors of 458262?
2, 3, 7, 3637
What are the prime factors of 403705?
5, 263, 307
List the prime factors of 31267.
31267
List the prime factors of 797300.
2, 5, 7, 17, 67
What are the prime factors of 6322050?
2, 3, 5, 7, 223
List the prime factors of 3695259.
3, 1231753
What are the prime factors of 2446015?
5, 11, 13, 311
List the prime factors of 60790.
2, 5, 6079
List the prime factors of 4090209.
3, 1363403
List the prime factors of 3327363.
3, 13, 28439
List the prime factors of 420109.
19, 22111
List the prime factors of 1808995.
5, 361799
List the prime factors of 445370.
2, 5, 44537
What are the prime factors of 1717073?
743, 2311
List the prime factors of 343882.
2, 7, 11, 29
List the prime factors of 111735.
3, 5, 13, 191
List the prime factors of 218517.
3, 13, 431
List the prime factors of 5501289.
3, 1833763
What are the prime factors of 33506253?
3, 11, 19, 47, 379
List the prime factors of 1091137.
1091137
List the prime factors of 8840075.
5, 353603
List the prime factors of 84589.
84589
List the prime factors of 27569.
19, 1451
List the prime factors of 1181089.
7, 13, 12979
What are the prime factors of 721759?
37, 19507
What are the prime factors of 2468?
2, 617
What are the prime factors of 11766130?
2, 5, 19, 61927
List the prime factors of 7344305.
5, 593, 2477
What are the prime factors of 1931182?
2, 11, 41, 2141
What are the prime factors of 1592909?
107, 14887
List the prime factors of 56163.
3, 97, 193
List the prime factors of 489985.
5, 43, 53
What are the prime factors of 3556596?
2, 3, 311, 953
What are the prime factors of 7596348?
2, 3, 17, 23, 1619
What are the prime factors of 27099105?
3, 5, 11, 17, 9661
List the prime factors of 45544.
2, 5693
What are the prime factors of 8092917?
3, 7, 19, 6761
What are the prime factors of 4313670?
2, 3, 5, 53, 2713
What are the prime factors of 1303105?
5, 79, 3299
What are the prime factors of 1918897?
1918897
List the prime factors of 24701883.
3, 8233961
What are the prime factors of 929883?
3, 17, 18233
List the prime factors of 8397102.
2, 3, 7, 199931
What are the prime factors of 1016510?
2, 5, 11, 9241
What are the prime factors of 4577270?
2, 5, 37, 89, 139
List the prime factors of 468172.
2, 117043
List the prime factors of 173128.
2,